{"id":572,"date":"2019-02-14T12:22:24","date_gmt":"2019-02-14T11:22:24","guid":{"rendered":"http:\/\/127.0.0.1:8080\/wordpress\/?page_id=572"},"modified":"2025-06-06T15:39:58","modified_gmt":"2025-06-06T13:39:58","slug":"consigli","status":"publish","type":"page","link":"https:\/\/www.asimas.it\/new_asimas\/consigli\/","title":{"rendered":"CONSIGLI"},"content":{"rendered":"<div id=\"pl-572\"  class=\"panel-layout\" ><div id=\"pg-572-0\"  class=\"panel-grid panel-no-style\" ><div id=\"pgc-572-0-0\"  class=\"panel-grid-cell\" ><div id=\"panel-572-0-0-0\" class=\"so-panel widget widget_sow-editor panel-first-child\" data-index=\"0\" ><div\n\t\t\t\n\t\t\tclass=\"so-widget-sow-editor so-widget-sow-editor-base\"\n\t\t\t\n\t\t>\n<div class=\"siteorigin-widget-tinymce textwidget\">\n\t<h3><\/h3>\n<p>&nbsp;<\/p>\n<h3 style=\"text-align: center;\"><strong>In generale<\/strong><\/h3>\n<p>La Mastocitosi pu\u00f2 avere tra i suoi sintomi episodi di ipotensione improvvisi o reazioni anafilattiche. Il trattamento di elezione di questi episodi \u00e8 basato sulla somministrazione di adrenalina autoiniettabile o di 0,3 ml-0,5 ml di una diluizione di 1:1000 di adrenalina per via intramuscolare: si consiglia di recarsi al pi\u00f9 vicino pronto soccorso.<br \/>\nReazioni allergiche severe possono manifestarsi dopo puntura di api o vespe. Anche in questo caso il trattamento dovrebbe essere basato sulla somministrazione di adrenalina, se la reazione \u00e8 particolarmente severa, o di iniezione i.m. di cortisone.<br \/>\nPrima della somministrazione di mezzi di contrasto iodati, anestetici generali o locali, nei pazienti con mastocitosi pu\u00f2 essere necessario effettuare una premedicazione con antistaminici anti-H1 e\/o cortisonici.<br \/>\nQuesti protocolli devono essere discussi con i medici del proprio centro di riferimento: un assenza di un centro specifico contattare un centro associato\u00a0<a href=\"http:\/\/www.asimas.it\/home\/rima.htm\">RIMA<\/a>.<\/p>\n<p><img loading=\"lazy\" class=\"alignnone size-full wp-image-1357\" src=\"http:\/\/www.asimas.it\/new_asimas\/wp-content\/uploads\/2019\/05\/divider.jpg\" alt=\"\" width=\"2009\" height=\"2\" srcset=\"https:\/\/www.asimas.it\/new_asimas\/wp-content\/uploads\/2019\/05\/divider.jpg 2009w, https:\/\/www.asimas.it\/new_asimas\/wp-content\/uploads\/2019\/05\/divider-150x2.jpg 150w, https:\/\/www.asimas.it\/new_asimas\/wp-content\/uploads\/2019\/05\/divider-300x1.jpg 300w, https:\/\/www.asimas.it\/new_asimas\/wp-content\/uploads\/2019\/05\/divider-768x1.jpg 768w, https:\/\/www.asimas.it\/new_asimas\/wp-content\/uploads\/2019\/05\/divider-1024x1.jpg 1024w, https:\/\/www.asimas.it\/new_asimas\/wp-content\/uploads\/2019\/05\/divider-600x2.jpg 600w, https:\/\/www.asimas.it\/new_asimas\/wp-content\/uploads\/2019\/05\/divider-240x2.jpg 240w, https:\/\/www.asimas.it\/new_asimas\/wp-content\/uploads\/2019\/05\/divider-272x2.jpg 272w\" sizes=\"(max-width: 2009px) 100vw, 2009px\" \/><\/p>\n<\/div>\n<\/div><\/div><div id=\"panel-572-0-0-1\" class=\"so-panel widget widget_sow-editor\" data-index=\"1\" ><div\n\t\t\t\n\t\t\tclass=\"so-widget-sow-editor so-widget-sow-editor-base\"\n\t\t\t\n\t\t>\n<div class=\"siteorigin-widget-tinymce textwidget\">\n\t<h3 style=\"text-align: center;\"><strong>Alimentazione<\/strong><\/h3>\n<p>Non esistono alimenti che facciano aumentare le lesioni della mastocitosi cutanea o che la facciano evolvere in sistemica<br \/>\nAlcuni sintomi (flushing, orticaria, dolori addominali, diarrea) possono comparire od aumentare in alcuni pazienti con alcuni alimenti<br \/>\nPer esempio: cioccolato, crostacei, formaggi fermentati, alcuni tipi di frutta fresca (arance, banane, fragole, pesche, kiwi) e secca (arachidi, noci e nocciole), pepe, peperoncino, pesce conservato (acciughe, sgombro, tonno), alcuni tipi di pesce fresco (acciughe, salmone, sardine, tonno), salumi<\/p>\n<p><img loading=\"lazy\" class=\"alignnone size-full wp-image-1357\" src=\"http:\/\/www.asimas.it\/new_asimas\/wp-content\/uploads\/2019\/05\/divider.jpg\" alt=\"\" width=\"2009\" height=\"2\" srcset=\"https:\/\/www.asimas.it\/new_asimas\/wp-content\/uploads\/2019\/05\/divider.jpg 2009w, https:\/\/www.asimas.it\/new_asimas\/wp-content\/uploads\/2019\/05\/divider-150x2.jpg 150w, https:\/\/www.asimas.it\/new_asimas\/wp-content\/uploads\/2019\/05\/divider-300x1.jpg 300w, https:\/\/www.asimas.it\/new_asimas\/wp-content\/uploads\/2019\/05\/divider-768x1.jpg 768w, https:\/\/www.asimas.it\/new_asimas\/wp-content\/uploads\/2019\/05\/divider-1024x1.jpg 1024w, https:\/\/www.asimas.it\/new_asimas\/wp-content\/uploads\/2019\/05\/divider-600x2.jpg 600w, https:\/\/www.asimas.it\/new_asimas\/wp-content\/uploads\/2019\/05\/divider-240x2.jpg 240w, https:\/\/www.asimas.it\/new_asimas\/wp-content\/uploads\/2019\/05\/divider-272x2.jpg 272w\" sizes=\"(max-width: 2009px) 100vw, 2009px\" \/><\/p>\n<\/div>\n<\/div><\/div><div id=\"panel-572-0-0-2\" class=\"so-panel widget widget_sow-editor\" data-index=\"2\" ><div\n\t\t\t\n\t\t\tclass=\"so-widget-sow-editor so-widget-sow-editor-base\"\n\t\t\t\n\t\t>\n<div class=\"siteorigin-widget-tinymce textwidget\">\n\t<h3 style=\"text-align: center;\"><strong>Allergie<\/strong><\/h3>\n<p>I pazienti con mastocitosi, in generale, hanno una possibilit\u00e0 di sviluppare allergie (respiratoria, ad alimenti o farmaci) poco pi\u00f9 alta rispetto agli individui normali. Tuttavia queste reazioni possono essere pi\u00f9 severe e pi\u00f9 prolungate<br \/>\nAlcuni pazienti con mastocitosi possono avere con una frequenza particolarmente alta alcune manifestazione allergiche particolari quali quella al veleno di api o vespe ed episodi di anafilassi ricorrente. A questi pazienti si raccomanda di avere a disposizione l\u2019adrenalina autoiniettabile.<\/p>\n<p><img loading=\"lazy\" class=\"alignnone size-full wp-image-1357\" src=\"http:\/\/www.asimas.it\/new_asimas\/wp-content\/uploads\/2019\/05\/divider.jpg\" alt=\"\" width=\"2009\" height=\"2\" srcset=\"https:\/\/www.asimas.it\/new_asimas\/wp-content\/uploads\/2019\/05\/divider.jpg 2009w, https:\/\/www.asimas.it\/new_asimas\/wp-content\/uploads\/2019\/05\/divider-150x2.jpg 150w, https:\/\/www.asimas.it\/new_asimas\/wp-content\/uploads\/2019\/05\/divider-300x1.jpg 300w, https:\/\/www.asimas.it\/new_asimas\/wp-content\/uploads\/2019\/05\/divider-768x1.jpg 768w, https:\/\/www.asimas.it\/new_asimas\/wp-content\/uploads\/2019\/05\/divider-1024x1.jpg 1024w, https:\/\/www.asimas.it\/new_asimas\/wp-content\/uploads\/2019\/05\/divider-600x2.jpg 600w, https:\/\/www.asimas.it\/new_asimas\/wp-content\/uploads\/2019\/05\/divider-240x2.jpg 240w, https:\/\/www.asimas.it\/new_asimas\/wp-content\/uploads\/2019\/05\/divider-272x2.jpg 272w\" sizes=\"(max-width: 2009px) 100vw, 2009px\" \/><\/p>\n<\/div>\n<\/div><\/div><div id=\"panel-572-0-0-3\" class=\"so-panel widget widget_sow-editor panel-last-child\" data-index=\"3\" ><div\n\t\t\t\n\t\t\tclass=\"so-widget-sow-editor so-widget-sow-editor-base\"\n\t\t\t\n\t\t>\n<div class=\"siteorigin-widget-tinymce textwidget\">\n\t<h3 style=\"text-align: center;\"><strong>Norme di comportamento per ridurre il rischio di esposizione a punture di insetti<\/strong><\/h3>\n<p>-Evitare di indossare abiti di colore sgargiante o con disegni floreali.<br \/>\n-Evitare movimenti bruschi se si \u00e8 avvicinati da api o vespe.<br \/>\n-Non usare cosmetici profumati, lacca per capelli o essenze odorose.<br \/>\n-Fornisci di insetticidi da tenere anche in macchina.<br \/>\n-Conservare con cura e ben chiusi i rifiuti domestici, evitare le aree adibite alla loro raccolta.<br \/>\n-Usare cautela quando si lavora all\u2019aperto, in soffitta o sui cornicioni dei tetti.<br \/>\n-Usare cautela quando si cucina o si mangia all\u2019aperto (non bere drink o bevande dolcificate, non lasciare scoperti alimenti).<br \/>\n-All\u2019aria aperta indossare adeguate protezioni (scarpe, maniche lunghe, pantaloni e guanti).<br \/>\n-Applicare zanzariere alle finestra di casa.<br \/>\n-Far bonificare da personale specializzato eventuali nidi nei pressi della propria abitazione.<\/p>\n<\/div>\n<\/div><\/div><\/div><\/div><\/div>","protected":false},"excerpt":{"rendered":"<p>&nbsp; In generale La Mastocitosi pu\u00f2 avere tra i suoi sintomi episodi di ipotensione improvvisi o reazioni anafilattiche. Il trattamento di elezione di questi episodi \u00e8 basato sulla somministrazione di [&hellip;]<\/p>\n","protected":false},"author":1,"featured_media":0,"parent":0,"menu_order":0,"comment_status":"closed","ping_status":"closed","template":"full-width.php","meta":[],"yoast_head":"<!-- This site is optimized with the Yoast SEO plugin v18.4.1 - https:\/\/yoast.com\/wordpress\/plugins\/seo\/ -->\r\n<title>Mastocitosi: Consigli utili | ASIMAS | Associazione Italiana Mastocitosi<\/title>\r\n<meta name=\"description\" content=\"Consigli utili per i malati di Mastocitosi: alimentazione, allergie e norme di comportamento per ridurre il rischio da punture di insetto.\" \/>\r\n<meta name=\"robots\" content=\"index, follow, max-snippet:-1, max-image-preview:large, max-video-preview:-1\" \/>\r\n<link rel=\"canonical\" href=\"https:\/\/www.asimas.it\/new_asimas\/consigli\/\" \/>\r\n<meta property=\"og:locale\" content=\"it_IT\" \/>\r\n<meta property=\"og:type\" content=\"article\" \/>\r\n<meta property=\"og:title\" content=\"Mastocitosi: Consigli utili | ASIMAS | Associazione Italiana Mastocitosi\" \/>\r\n<meta property=\"og:description\" content=\"Consigli utili per i malati di Mastocitosi: alimentazione, allergie e norme di comportamento per ridurre il rischio da punture di insetto.\" \/>\r\n<meta property=\"og:url\" content=\"https:\/\/www.asimas.it\/new_asimas\/consigli\/\" \/>\r\n<meta property=\"og:site_name\" content=\"Asimas\" \/>\r\n<meta property=\"article:modified_time\" content=\"2025-06-06T13:39:58+00:00\" \/>\r\n<meta property=\"og:image\" content=\"http:\/\/www.asimas.it\/new_asimas\/wp-content\/uploads\/2019\/05\/divider.jpg\" \/>\r\n<meta name=\"twitter:card\" content=\"summary_large_image\" \/>\r\n<meta name=\"twitter:label1\" content=\"Tempo di lettura stimato\" \/>\n\t<meta name=\"twitter:data1\" content=\"2 minuti\" \/>\r\n<script type=\"application\/ld+json\" class=\"yoast-schema-graph\">{\"@context\":\"https:\/\/schema.org\",\"@graph\":[{\"@type\":\"Organization\",\"@id\":\"https:\/\/www.asimas.it\/new_asimas\/#organization\",\"name\":\"ASIMAS - Associazione Italiana Mastocitosi\",\"url\":\"https:\/\/www.asimas.it\/new_asimas\/\",\"sameAs\":[],\"logo\":{\"@type\":\"ImageObject\",\"@id\":\"https:\/\/www.asimas.it\/new_asimas\/#logo\",\"inLanguage\":\"it-IT\",\"url\":\"https:\/\/www.asimas.it\/new_asimas\/wp-content\/uploads\/2019\/04\/logo-asimas.png\",\"contentUrl\":\"https:\/\/www.asimas.it\/new_asimas\/wp-content\/uploads\/2019\/04\/logo-asimas.png\",\"width\":240,\"height\":240,\"caption\":\"ASIMAS - Associazione Italiana Mastocitosi\"},\"image\":{\"@id\":\"https:\/\/www.asimas.it\/new_asimas\/#logo\"}},{\"@type\":\"WebSite\",\"@id\":\"https:\/\/www.asimas.it\/new_asimas\/#website\",\"url\":\"https:\/\/www.asimas.it\/new_asimas\/\",\"name\":\"Asimas\",\"description\":\"Associazione Italiana Mastocitosi\",\"publisher\":{\"@id\":\"https:\/\/www.asimas.it\/new_asimas\/#organization\"},\"potentialAction\":[{\"@type\":\"SearchAction\",\"target\":{\"@type\":\"EntryPoint\",\"urlTemplate\":\"https:\/\/www.asimas.it\/new_asimas\/?s={search_term_string}\"},\"query-input\":\"required name=search_term_string\"}],\"inLanguage\":\"it-IT\"},{\"@type\":\"ImageObject\",\"@id\":\"https:\/\/www.asimas.it\/new_asimas\/consigli\/#primaryimage\",\"inLanguage\":\"it-IT\",\"url\":\"https:\/\/www.asimas.it\/new_asimas\/wp-content\/uploads\/2019\/05\/divider.jpg\",\"contentUrl\":\"https:\/\/www.asimas.it\/new_asimas\/wp-content\/uploads\/2019\/05\/divider.jpg\",\"width\":2009,\"height\":2},{\"@type\":\"WebPage\",\"@id\":\"https:\/\/www.asimas.it\/new_asimas\/consigli\/#webpage\",\"url\":\"https:\/\/www.asimas.it\/new_asimas\/consigli\/\",\"name\":\"Mastocitosi: Consigli utili | ASIMAS | Associazione Italiana Mastocitosi\",\"isPartOf\":{\"@id\":\"https:\/\/www.asimas.it\/new_asimas\/#website\"},\"primaryImageOfPage\":{\"@id\":\"https:\/\/www.asimas.it\/new_asimas\/consigli\/#primaryimage\"},\"datePublished\":\"2019-02-14T11:22:24+00:00\",\"dateModified\":\"2025-06-06T13:39:58+00:00\",\"description\":\"Consigli utili per i malati di Mastocitosi: alimentazione, allergie e norme di comportamento per ridurre il rischio da punture di insetto.\",\"breadcrumb\":{\"@id\":\"https:\/\/www.asimas.it\/new_asimas\/consigli\/#breadcrumb\"},\"inLanguage\":\"it-IT\",\"potentialAction\":[{\"@type\":\"ReadAction\",\"target\":[\"https:\/\/www.asimas.it\/new_asimas\/consigli\/\"]}]},{\"@type\":\"BreadcrumbList\",\"@id\":\"https:\/\/www.asimas.it\/new_asimas\/consigli\/#breadcrumb\",\"itemListElement\":[{\"@type\":\"ListItem\",\"position\":1,\"name\":\"Home\",\"item\":\"https:\/\/www.asimas.it\/new_asimas\/\"},{\"@type\":\"ListItem\",\"position\":2,\"name\":\"CONSIGLI\"}]}]}<\/script>\r\n<!-- \/ Yoast SEO plugin. -->","yoast_head_json":{"title":"Mastocitosi: Consigli utili | ASIMAS | Associazione Italiana Mastocitosi","description":"Consigli utili per i malati di Mastocitosi: alimentazione, allergie e norme di comportamento per ridurre il rischio da punture di insetto.","robots":{"index":"index","follow":"follow","max-snippet":"max-snippet:-1","max-image-preview":"max-image-preview:large","max-video-preview":"max-video-preview:-1"},"canonical":"https:\/\/www.asimas.it\/new_asimas\/consigli\/","og_locale":"it_IT","og_type":"article","og_title":"Mastocitosi: Consigli utili | ASIMAS | Associazione Italiana Mastocitosi","og_description":"Consigli utili per i malati di Mastocitosi: alimentazione, allergie e norme di comportamento per ridurre il rischio da punture di insetto.","og_url":"https:\/\/www.asimas.it\/new_asimas\/consigli\/","og_site_name":"Asimas","article_modified_time":"2025-06-06T13:39:58+00:00","og_image":[{"url":"http:\/\/www.asimas.it\/new_asimas\/wp-content\/uploads\/2019\/05\/divider.jpg"}],"twitter_card":"summary_large_image","twitter_misc":{"Tempo di lettura stimato":"2 minuti"},"schema":{"@context":"https:\/\/schema.org","@graph":[{"@type":"Organization","@id":"https:\/\/www.asimas.it\/new_asimas\/#organization","name":"ASIMAS - Associazione Italiana Mastocitosi","url":"https:\/\/www.asimas.it\/new_asimas\/","sameAs":[],"logo":{"@type":"ImageObject","@id":"https:\/\/www.asimas.it\/new_asimas\/#logo","inLanguage":"it-IT","url":"https:\/\/www.asimas.it\/new_asimas\/wp-content\/uploads\/2019\/04\/logo-asimas.png","contentUrl":"https:\/\/www.asimas.it\/new_asimas\/wp-content\/uploads\/2019\/04\/logo-asimas.png","width":240,"height":240,"caption":"ASIMAS - Associazione Italiana Mastocitosi"},"image":{"@id":"https:\/\/www.asimas.it\/new_asimas\/#logo"}},{"@type":"WebSite","@id":"https:\/\/www.asimas.it\/new_asimas\/#website","url":"https:\/\/www.asimas.it\/new_asimas\/","name":"Asimas","description":"Associazione Italiana Mastocitosi","publisher":{"@id":"https:\/\/www.asimas.it\/new_asimas\/#organization"},"potentialAction":[{"@type":"SearchAction","target":{"@type":"EntryPoint","urlTemplate":"https:\/\/www.asimas.it\/new_asimas\/?s={search_term_string}"},"query-input":"required name=search_term_string"}],"inLanguage":"it-IT"},{"@type":"ImageObject","@id":"https:\/\/www.asimas.it\/new_asimas\/consigli\/#primaryimage","inLanguage":"it-IT","url":"https:\/\/www.asimas.it\/new_asimas\/wp-content\/uploads\/2019\/05\/divider.jpg","contentUrl":"https:\/\/www.asimas.it\/new_asimas\/wp-content\/uploads\/2019\/05\/divider.jpg","width":2009,"height":2},{"@type":"WebPage","@id":"https:\/\/www.asimas.it\/new_asimas\/consigli\/#webpage","url":"https:\/\/www.asimas.it\/new_asimas\/consigli\/","name":"Mastocitosi: Consigli utili | ASIMAS | Associazione Italiana Mastocitosi","isPartOf":{"@id":"https:\/\/www.asimas.it\/new_asimas\/#website"},"primaryImageOfPage":{"@id":"https:\/\/www.asimas.it\/new_asimas\/consigli\/#primaryimage"},"datePublished":"2019-02-14T11:22:24+00:00","dateModified":"2025-06-06T13:39:58+00:00","description":"Consigli utili per i malati di Mastocitosi: alimentazione, allergie e norme di comportamento per ridurre il rischio da punture di insetto.","breadcrumb":{"@id":"https:\/\/www.asimas.it\/new_asimas\/consigli\/#breadcrumb"},"inLanguage":"it-IT","potentialAction":[{"@type":"ReadAction","target":["https:\/\/www.asimas.it\/new_asimas\/consigli\/"]}]},{"@type":"BreadcrumbList","@id":"https:\/\/www.asimas.it\/new_asimas\/consigli\/#breadcrumb","itemListElement":[{"@type":"ListItem","position":1,"name":"Home","item":"https:\/\/www.asimas.it\/new_asimas\/"},{"@type":"ListItem","position":2,"name":"CONSIGLI"}]}]}},"_links":{"self":[{"href":"https:\/\/www.asimas.it\/new_asimas\/wp-json\/wp\/v2\/pages\/572"}],"collection":[{"href":"https:\/\/www.asimas.it\/new_asimas\/wp-json\/wp\/v2\/pages"}],"about":[{"href":"https:\/\/www.asimas.it\/new_asimas\/wp-json\/wp\/v2\/types\/page"}],"author":[{"embeddable":true,"href":"https:\/\/www.asimas.it\/new_asimas\/wp-json\/wp\/v2\/users\/1"}],"replies":[{"embeddable":true,"href":"https:\/\/www.asimas.it\/new_asimas\/wp-json\/wp\/v2\/comments?post=572"}],"version-history":[{"count":5,"href":"https:\/\/www.asimas.it\/new_asimas\/wp-json\/wp\/v2\/pages\/572\/revisions"}],"predecessor-version":[{"id":3839,"href":"https:\/\/www.asimas.it\/new_asimas\/wp-json\/wp\/v2\/pages\/572\/revisions\/3839"}],"wp:attachment":[{"href":"https:\/\/www.asimas.it\/new_asimas\/wp-json\/wp\/v2\/media?parent=572"}],"curies":[{"name":"wp","href":"https:\/\/api.w.org\/{rel}","templated":true}]}}