{"id":512,"date":"2019-02-12T16:48:05","date_gmt":"2019-02-12T16:48:05","guid":{"rendered":"http:\/\/127.0.0.1:8080\/wordpress\/?page_id=512"},"modified":"2019-05-08T13:44:16","modified_gmt":"2019-05-08T11:44:16","slug":"noi-malati","status":"publish","type":"page","link":"https:\/\/www.asimas.it\/new_asimas\/noi-malati\/","title":{"rendered":"Noi malati"},"content":{"rendered":"<div id=\"pl-512\"  class=\"panel-layout\" ><div id=\"pg-512-0\"  class=\"panel-grid panel-no-style\" ><div id=\"pgc-512-0-0\"  class=\"panel-grid-cell panel-grid-cell-empty\" ><\/div><\/div><div id=\"pg-512-1\"  class=\"panel-grid panel-no-style\" ><div id=\"pgc-512-1-0\"  class=\"panel-grid-cell\" ><div id=\"panel-512-1-0-0\" class=\"so-panel widget widget_sow-editor panel-first-child\" data-index=\"0\" ><div\n\t\t\t\n\t\t\tclass=\"so-widget-sow-editor so-widget-sow-editor-base\"\n\t\t\t\n\t\t>\n<div class=\"siteorigin-widget-tinymce textwidget\">\n\t<h3 style=\"text-align: center;\">Impatto emotivo e solitudine di fronte alla malattia<\/h3>\n<p>I pazienti e le loro famiglie vivono un\u2019esperienza di solitudine doppiamente dolorosa:<br \/>\nper la malattia e per la sua rarit\u00e0 che la porta a essere poco conosciuta e poco riconosciuta.<br \/>\nL\u2019incertezza della diagnosi protratta nel tempo e le incerte indicazioni sul futuro incidono pesantemente sulla qualit\u00e0 e le abitudini di vita di tutto il nucleo familiare. La difficolt\u00e0 a incontrare altre persone con la stessa patologia e con le quali condividere esperienze o necessit\u00e0 conduce all\u2019isolamento. \u00c8 indispensabile quindi una costante e adeguata informazione affinch\u00e9 la malattia sia vissuta in modo pi\u00f9 sereno. \u00c8 per tali motivi che diviene necessario un servizio di sostegno attivo alla persona con patologia rara e alla famiglia.<\/p>\n<p><img loading=\"lazy\" class=\"alignnone size-full wp-image-1357\" src=\"http:\/\/www.asimas.it\/new_asimas\/wp-content\/uploads\/2019\/05\/divider.jpg\" alt=\"\" width=\"2009\" height=\"2\" srcset=\"https:\/\/www.asimas.it\/new_asimas\/wp-content\/uploads\/2019\/05\/divider.jpg 2009w, https:\/\/www.asimas.it\/new_asimas\/wp-content\/uploads\/2019\/05\/divider-150x2.jpg 150w, https:\/\/www.asimas.it\/new_asimas\/wp-content\/uploads\/2019\/05\/divider-300x1.jpg 300w, https:\/\/www.asimas.it\/new_asimas\/wp-content\/uploads\/2019\/05\/divider-768x1.jpg 768w, https:\/\/www.asimas.it\/new_asimas\/wp-content\/uploads\/2019\/05\/divider-1024x1.jpg 1024w, https:\/\/www.asimas.it\/new_asimas\/wp-content\/uploads\/2019\/05\/divider-600x2.jpg 600w, https:\/\/www.asimas.it\/new_asimas\/wp-content\/uploads\/2019\/05\/divider-240x2.jpg 240w, https:\/\/www.asimas.it\/new_asimas\/wp-content\/uploads\/2019\/05\/divider-272x2.jpg 272w\" sizes=\"(max-width: 2009px) 100vw, 2009px\" \/><\/p>\n<\/div>\n<\/div><\/div><div id=\"panel-512-1-0-1\" class=\"so-panel widget widget_sow-editor\" data-index=\"1\" ><div\n\t\t\t\n\t\t\tclass=\"so-widget-sow-editor so-widget-sow-editor-base\"\n\t\t\t\n\t\t>\n<div class=\"siteorigin-widget-tinymce textwidget\">\n\t<h3 style=\"text-align: center;\"><strong>Trattamento e cura: i farmaci \u201corfani\u201d<br \/>\n<\/strong><\/h3>\n<p>Molti farmaci per la terapia delle malattie rare sono \u201corfani\u201d nel senso che, non essendo in grado di garantire il recupero degli investimenti in ricerca \u2013 visto l\u2019esiguo numero di pazienti che ne hanno bisogno \u2013 sono studiati, in maniera ancora non sufficiente, a livello internazionale.<\/p>\n<p><img loading=\"lazy\" class=\"alignnone size-full wp-image-1357\" src=\"http:\/\/www.asimas.it\/new_asimas\/wp-content\/uploads\/2019\/05\/divider.jpg\" alt=\"\" width=\"2009\" height=\"2\" srcset=\"https:\/\/www.asimas.it\/new_asimas\/wp-content\/uploads\/2019\/05\/divider.jpg 2009w, https:\/\/www.asimas.it\/new_asimas\/wp-content\/uploads\/2019\/05\/divider-150x2.jpg 150w, https:\/\/www.asimas.it\/new_asimas\/wp-content\/uploads\/2019\/05\/divider-300x1.jpg 300w, https:\/\/www.asimas.it\/new_asimas\/wp-content\/uploads\/2019\/05\/divider-768x1.jpg 768w, https:\/\/www.asimas.it\/new_asimas\/wp-content\/uploads\/2019\/05\/divider-1024x1.jpg 1024w, https:\/\/www.asimas.it\/new_asimas\/wp-content\/uploads\/2019\/05\/divider-600x2.jpg 600w, https:\/\/www.asimas.it\/new_asimas\/wp-content\/uploads\/2019\/05\/divider-240x2.jpg 240w, https:\/\/www.asimas.it\/new_asimas\/wp-content\/uploads\/2019\/05\/divider-272x2.jpg 272w\" sizes=\"(max-width: 2009px) 100vw, 2009px\" \/><\/p>\n<\/div>\n<\/div><\/div><div id=\"panel-512-1-0-2\" class=\"so-panel widget widget_sow-editor panel-last-child\" data-index=\"2\" ><div\n\t\t\t\n\t\t\tclass=\"so-widget-sow-editor so-widget-sow-editor-base\"\n\t\t\t\n\t\t>\n<div class=\"siteorigin-widget-tinymce textwidget\">\n\t<h3 style=\"text-align: center;\"><strong>L'aspetto legale<br \/>\n<\/strong><\/h3>\n<p>In Italia, al fine di assicurare specifiche forme di tutela alle persone con malattie rare, \u00e8 stata istituita, mediante D.M. 279\/2001, la Rete nazionale per la prevenzione, la diagnosi e la terapia delle malattie rare.<br \/>\nI punti strategici contenuti nel Decreto Ministeriale sono:<br \/>\n\u2022 l\u2019esistenza di un elenco di malattie rare con particolari diritti;<br \/>\n\u2022 la creazione di una rete regionale e nazionale di \u201ccentri accreditati\u201d, scelti in ogni regione, per la diagnosi e la cura di specifiche forme;<br \/>\n\u2022 la creazione di registri ad hoc con sede sovra-regionale e nazionale in grado di coordinare e monitorare l\u2019attivit\u00e0 dei centri accreditati e la concessione dei benefici ai pazienti;<br \/>\n\u2022 il coinvolgimento delle associazioni dei pazienti nei processi decisionali e di monitoraggio;<br \/>\n\u2022 la necessit\u00e0 di supportare le famiglie dei pazienti e i professionisti del Sistema Sanitario Nazionale con azioni di informazione e formazione mirate.<\/p>\n<\/div>\n<\/div><\/div><\/div><\/div><\/div>","protected":false},"excerpt":{"rendered":"<p>Impatto emotivo e solitudine di fronte alla malattia I pazienti e le loro famiglie vivono un\u2019esperienza di solitudine doppiamente dolorosa: per la malattia e per la sua rarit\u00e0 che la [&hellip;]<\/p>\n","protected":false},"author":1,"featured_media":0,"parent":0,"menu_order":0,"comment_status":"closed","ping_status":"closed","template":"full-width.php","meta":[],"yoast_head":"<!-- This site is optimized with the Yoast SEO plugin v18.4.1 - https:\/\/yoast.com\/wordpress\/plugins\/seo\/ -->\r\n<title>Noi malati - Asimas<\/title>\r\n<meta name=\"robots\" content=\"index, follow, max-snippet:-1, max-image-preview:large, max-video-preview:-1\" \/>\r\n<link rel=\"canonical\" href=\"http:\/\/www.asimas.it\/new_asimas\/noi-malati\/\" \/>\r\n<meta property=\"og:locale\" content=\"it_IT\" \/>\r\n<meta property=\"og:type\" content=\"article\" \/>\r\n<meta property=\"og:title\" content=\"Noi malati - Asimas\" \/>\r\n<meta property=\"og:description\" content=\"Impatto emotivo e solitudine di fronte alla malattia I pazienti e le loro famiglie vivono un\u2019esperienza di solitudine doppiamente dolorosa: per la malattia e per la sua rarit\u00e0 che la [&hellip;]\" \/>\r\n<meta property=\"og:url\" content=\"http:\/\/www.asimas.it\/new_asimas\/noi-malati\/\" \/>\r\n<meta property=\"og:site_name\" content=\"Asimas\" \/>\r\n<meta property=\"article:modified_time\" content=\"2019-05-08T11:44:16+00:00\" \/>\r\n<meta property=\"og:image\" content=\"http:\/\/www.asimas.it\/new_asimas\/wp-content\/uploads\/2019\/05\/divider.jpg\" \/>\r\n<meta name=\"twitter:card\" content=\"summary_large_image\" \/>\r\n<meta name=\"twitter:label1\" content=\"Tempo di lettura stimato\" \/>\n\t<meta name=\"twitter:data1\" content=\"2 minuti\" \/>\r\n<script type=\"application\/ld+json\" class=\"yoast-schema-graph\">{\"@context\":\"https:\/\/schema.org\",\"@graph\":[{\"@type\":\"Organization\",\"@id\":\"https:\/\/www.asimas.it\/new_asimas\/#organization\",\"name\":\"ASIMAS - Associazione Italiana Mastocitosi\",\"url\":\"https:\/\/www.asimas.it\/new_asimas\/\",\"sameAs\":[],\"logo\":{\"@type\":\"ImageObject\",\"@id\":\"https:\/\/www.asimas.it\/new_asimas\/#logo\",\"inLanguage\":\"it-IT\",\"url\":\"https:\/\/www.asimas.it\/new_asimas\/wp-content\/uploads\/2019\/04\/logo-asimas.png\",\"contentUrl\":\"https:\/\/www.asimas.it\/new_asimas\/wp-content\/uploads\/2019\/04\/logo-asimas.png\",\"width\":240,\"height\":240,\"caption\":\"ASIMAS - Associazione Italiana Mastocitosi\"},\"image\":{\"@id\":\"https:\/\/www.asimas.it\/new_asimas\/#logo\"}},{\"@type\":\"WebSite\",\"@id\":\"https:\/\/www.asimas.it\/new_asimas\/#website\",\"url\":\"https:\/\/www.asimas.it\/new_asimas\/\",\"name\":\"Asimas\",\"description\":\"Associazione Italiana Mastocitosi\",\"publisher\":{\"@id\":\"https:\/\/www.asimas.it\/new_asimas\/#organization\"},\"potentialAction\":[{\"@type\":\"SearchAction\",\"target\":{\"@type\":\"EntryPoint\",\"urlTemplate\":\"https:\/\/www.asimas.it\/new_asimas\/?s={search_term_string}\"},\"query-input\":\"required name=search_term_string\"}],\"inLanguage\":\"it-IT\"},{\"@type\":\"ImageObject\",\"@id\":\"http:\/\/www.asimas.it\/new_asimas\/noi-malati\/#primaryimage\",\"inLanguage\":\"it-IT\",\"url\":\"https:\/\/www.asimas.it\/new_asimas\/wp-content\/uploads\/2019\/05\/divider.jpg\",\"contentUrl\":\"https:\/\/www.asimas.it\/new_asimas\/wp-content\/uploads\/2019\/05\/divider.jpg\",\"width\":2009,\"height\":2},{\"@type\":\"WebPage\",\"@id\":\"http:\/\/www.asimas.it\/new_asimas\/noi-malati\/#webpage\",\"url\":\"http:\/\/www.asimas.it\/new_asimas\/noi-malati\/\",\"name\":\"Noi malati - Asimas\",\"isPartOf\":{\"@id\":\"https:\/\/www.asimas.it\/new_asimas\/#website\"},\"primaryImageOfPage\":{\"@id\":\"http:\/\/www.asimas.it\/new_asimas\/noi-malati\/#primaryimage\"},\"datePublished\":\"2019-02-12T16:48:05+00:00\",\"dateModified\":\"2019-05-08T11:44:16+00:00\",\"breadcrumb\":{\"@id\":\"http:\/\/www.asimas.it\/new_asimas\/noi-malati\/#breadcrumb\"},\"inLanguage\":\"it-IT\",\"potentialAction\":[{\"@type\":\"ReadAction\",\"target\":[\"http:\/\/www.asimas.it\/new_asimas\/noi-malati\/\"]}]},{\"@type\":\"BreadcrumbList\",\"@id\":\"http:\/\/www.asimas.it\/new_asimas\/noi-malati\/#breadcrumb\",\"itemListElement\":[{\"@type\":\"ListItem\",\"position\":1,\"name\":\"Home\",\"item\":\"https:\/\/www.asimas.it\/new_asimas\/\"},{\"@type\":\"ListItem\",\"position\":2,\"name\":\"Noi malati\"}]}]}<\/script>\r\n<!-- \/ Yoast SEO plugin. -->","yoast_head_json":{"title":"Noi malati - Asimas","robots":{"index":"index","follow":"follow","max-snippet":"max-snippet:-1","max-image-preview":"max-image-preview:large","max-video-preview":"max-video-preview:-1"},"canonical":"http:\/\/www.asimas.it\/new_asimas\/noi-malati\/","og_locale":"it_IT","og_type":"article","og_title":"Noi malati - Asimas","og_description":"Impatto emotivo e solitudine di fronte alla malattia I pazienti e le loro famiglie vivono un\u2019esperienza di solitudine doppiamente dolorosa: per la malattia e per la sua rarit\u00e0 che la [&hellip;]","og_url":"http:\/\/www.asimas.it\/new_asimas\/noi-malati\/","og_site_name":"Asimas","article_modified_time":"2019-05-08T11:44:16+00:00","og_image":[{"url":"http:\/\/www.asimas.it\/new_asimas\/wp-content\/uploads\/2019\/05\/divider.jpg"}],"twitter_card":"summary_large_image","twitter_misc":{"Tempo di lettura stimato":"2 minuti"},"schema":{"@context":"https:\/\/schema.org","@graph":[{"@type":"Organization","@id":"https:\/\/www.asimas.it\/new_asimas\/#organization","name":"ASIMAS - Associazione Italiana Mastocitosi","url":"https:\/\/www.asimas.it\/new_asimas\/","sameAs":[],"logo":{"@type":"ImageObject","@id":"https:\/\/www.asimas.it\/new_asimas\/#logo","inLanguage":"it-IT","url":"https:\/\/www.asimas.it\/new_asimas\/wp-content\/uploads\/2019\/04\/logo-asimas.png","contentUrl":"https:\/\/www.asimas.it\/new_asimas\/wp-content\/uploads\/2019\/04\/logo-asimas.png","width":240,"height":240,"caption":"ASIMAS - Associazione Italiana Mastocitosi"},"image":{"@id":"https:\/\/www.asimas.it\/new_asimas\/#logo"}},{"@type":"WebSite","@id":"https:\/\/www.asimas.it\/new_asimas\/#website","url":"https:\/\/www.asimas.it\/new_asimas\/","name":"Asimas","description":"Associazione Italiana Mastocitosi","publisher":{"@id":"https:\/\/www.asimas.it\/new_asimas\/#organization"},"potentialAction":[{"@type":"SearchAction","target":{"@type":"EntryPoint","urlTemplate":"https:\/\/www.asimas.it\/new_asimas\/?s={search_term_string}"},"query-input":"required name=search_term_string"}],"inLanguage":"it-IT"},{"@type":"ImageObject","@id":"http:\/\/www.asimas.it\/new_asimas\/noi-malati\/#primaryimage","inLanguage":"it-IT","url":"https:\/\/www.asimas.it\/new_asimas\/wp-content\/uploads\/2019\/05\/divider.jpg","contentUrl":"https:\/\/www.asimas.it\/new_asimas\/wp-content\/uploads\/2019\/05\/divider.jpg","width":2009,"height":2},{"@type":"WebPage","@id":"http:\/\/www.asimas.it\/new_asimas\/noi-malati\/#webpage","url":"http:\/\/www.asimas.it\/new_asimas\/noi-malati\/","name":"Noi malati - Asimas","isPartOf":{"@id":"https:\/\/www.asimas.it\/new_asimas\/#website"},"primaryImageOfPage":{"@id":"http:\/\/www.asimas.it\/new_asimas\/noi-malati\/#primaryimage"},"datePublished":"2019-02-12T16:48:05+00:00","dateModified":"2019-05-08T11:44:16+00:00","breadcrumb":{"@id":"http:\/\/www.asimas.it\/new_asimas\/noi-malati\/#breadcrumb"},"inLanguage":"it-IT","potentialAction":[{"@type":"ReadAction","target":["http:\/\/www.asimas.it\/new_asimas\/noi-malati\/"]}]},{"@type":"BreadcrumbList","@id":"http:\/\/www.asimas.it\/new_asimas\/noi-malati\/#breadcrumb","itemListElement":[{"@type":"ListItem","position":1,"name":"Home","item":"https:\/\/www.asimas.it\/new_asimas\/"},{"@type":"ListItem","position":2,"name":"Noi malati"}]}]}},"_links":{"self":[{"href":"https:\/\/www.asimas.it\/new_asimas\/wp-json\/wp\/v2\/pages\/512"}],"collection":[{"href":"https:\/\/www.asimas.it\/new_asimas\/wp-json\/wp\/v2\/pages"}],"about":[{"href":"https:\/\/www.asimas.it\/new_asimas\/wp-json\/wp\/v2\/types\/page"}],"author":[{"embeddable":true,"href":"https:\/\/www.asimas.it\/new_asimas\/wp-json\/wp\/v2\/users\/1"}],"replies":[{"embeddable":true,"href":"https:\/\/www.asimas.it\/new_asimas\/wp-json\/wp\/v2\/comments?post=512"}],"version-history":[{"count":4,"href":"https:\/\/www.asimas.it\/new_asimas\/wp-json\/wp\/v2\/pages\/512\/revisions"}],"predecessor-version":[{"id":1801,"href":"https:\/\/www.asimas.it\/new_asimas\/wp-json\/wp\/v2\/pages\/512\/revisions\/1801"}],"wp:attachment":[{"href":"https:\/\/www.asimas.it\/new_asimas\/wp-json\/wp\/v2\/media?parent=512"}],"curies":[{"name":"wp","href":"https:\/\/api.w.org\/{rel}","templated":true}]}}